lculate the highest common divisor of 104245 and 2.
1
What is the greatest common divisor of 643422 and 52?
26
What is the greatest common factor of 4320 and 16080?
240
What is the highest common factor of 2955122 and 622?
622
What is the highest common divisor of 10452 and 309205?
871
What is the highest common divisor of 176 and 228778?
22
Calculate the highest common divisor of 595 and 40885.
85
Calculate the highest common divisor of 10934 and 56.
14
Calculate the highest common divisor of 1008 and 19224.
72
What is the greatest common divisor of 24 and 7698?
6
What is the highest common divisor of 26 and 390923?
13
What is the greatest common factor of 501270 and 90?
30
What is the highest common factor of 1476 and 373756?
164
Calculate the greatest common divisor of 60 and 979752.
12
Calculate the highest common divisor of 1002 and 8334.
6
Calculate the greatest common divisor of 834518 and 266.
38
Calculate the greatest common factor of 190 and 10374.
38
What is the highest common factor of 11610 and 1530?
90
Calculate the greatest common factor of 8 and 155.
1
Calculate the greatest common factor of 667 and 1537.
29
Calculate the greatest common factor of 86128 and 532.
28
Calculate the greatest common divisor of 14 and 36190.
14
What is the greatest common divisor of 704 and 2552?
88
What is the greatest common factor of 3455 and 18657?
691
What is the highest common factor of 146844 and 6?
6
What is the highest common factor of 1309 and 847?
77
What is the greatest common factor of 2176 and 105344?
128
Calculate the greatest common factor of 435 and 1827.
87
What is the greatest common divisor of 27892 and 9956?
76
Calculate the greatest common divisor of 58400 and 2650.
50
What is the greatest common factor of 2824 and 558799?
353
What is the highest common factor of 12 and 2581632?
12
What is the greatest common factor of 30475 and 1378?
53
Calculate the highest common factor of 1141 and 8161573.
1141
What is the highest common factor of 16 and 3673056?
16
Calculate the greatest common factor of 6461 and 1775.
71
Calculate the highest common divisor of 395 and 185.
5
Calculate the greatest common divisor of 28035 and 15435.
315
What is the highest common factor of 727964 and 1016?
508
What is the greatest common divisor of 569859 and 339?
339
What is the greatest common divisor of 880 and 5709?
11
Calculate the greatest common divisor of 2860 and 235664.
572
What is the highest common factor of 2030 and 8645770?
2030
What is the greatest common factor of 1038 and 984?
6
Calculate the greatest common factor of 3405 and 12405.
15
Calculate the highest common factor of 10360 and 910.
70
What is the greatest common factor of 112401 and 92?
23
What is the greatest common divisor of 1871058 and 112?
14
Calculate the greatest common factor of 155 and 145700.
155
What is the greatest common factor of 7373 and 5858?
101
Calculate the greatest common factor of 76 and 618374.
38
Calculate the highest common factor of 7500 and 6075.
75
What is the greatest common factor of 3780 and 7890?
30
Calculate the highest common factor of 228315 and 240.
15
What is the highest common factor of 2274 and 108?
6
Calculate the greatest common factor of 13651 and 289.
17
What is the highest common divisor of 526678 and 1278?
142
What is the greatest common factor of 240 and 9008?
16
Calculate the greatest common divisor of 159 and 2797923.
159
What is the greatest common factor of 74 and 1093?
1
What is the highest common divisor of 2548 and 24388?
364
What is the greatest common factor of 12936 and 511?
7
Calculate the highest common divisor of 3016 and 1976.
104
Calculate the greatest common factor of 159620 and 92.
92
Calculate the highest common factor of 55 and 204985.
55
What is the highest common factor of 327 and 399921?
327
What is the greatest common factor of 44307 and 162?
81
Calculate the greatest common factor of 18330 and 27430.
130
Calculate the greatest common divisor of 15976341 and 111.
111
Calculate the greatest common divisor of 507 and 3.
3
Calculate the greatest common divisor of 221 and 57317.
13
What is the highest common divisor of 43505 and 244871?
1243
What is the greatest common factor of 1040 and 56576?
208
What is the greatest common factor of 3216 and 2964?
12
Calculate the greatest common factor of 40741 and 655.
131
Calculate the greatest common divisor of 2940 and 501760.
980
What is the greatest common factor of 263289 and 65403?
1677
What is the highest common factor of 47376 and 288?
144
What is the highest common factor of 78186 and 5478?
498
Calculate the highest common divisor of 674 and 161423.
337
Calculate the greatest common factor of 119 and 65518.
17
What is the highest common factor of 468806 and 133?
19
Calculate the greatest common factor of 186 and 227323.
31
What is the greatest common factor of 5292 and 145908?
756
Calculate the highest common divisor of 616 and 39816.
56
What is the highest common divisor of 26680 and 115?
115
What is the highest common factor of 198790 and 618?
206
What is the highest common divisor of 26964 and 4396?
28
Calculate the greatest common factor of 299207 and 46.
23
Calculate the greatest common factor of 144 and 11584.
16
What is the greatest common factor of 54 and 833301?
27
What is the highest common factor of 3720 and 816912?
744
Calculate the greatest common factor of 253944 and 144.
72
Calculate the highest common divisor of 156 and 13663.
13
What is the highest common factor of 324 and 72738?
162
What is the greatest common factor of 44060 and 12?
4
What is the highest common factor of 336396 and 2652?
204
Calculate the greatest common factor of 33 and 564531.
33
Calculate the highest common factor of 30429 and 243.
27
What is the highest common divisor of 70 and 251888?
14
What is the highest common factor of 4220 and 740?
20
Calculate the greatest common divisor of 10368 and 224.
32
Calculate the greatest common factor of 1233 and 549.
9
Calculate the greatest common factor of 92782 and 736.
46
What is the greatest common factor of 3745494 and 834?
834
What is the greatest common divisor of 5773 and 483?
23
What is the highest common factor of 93740 and 645?
215
What is the highest common factor of 8 and 40268?
4
What is the greatest common divisor of 952 and 535262?
238
Calculate the greatest common divisor of 33 and 2853983.
11
What is the greatest common factor of 13992 and 165?
33
What is the greatest common divisor of 671 and 1543300?
671
What is the greatest common divisor of 276 and 1909000?
92
What is the greatest common divisor of 563898 and 6?
6
What is the greatest common divisor of 884 and 4148?
68
What is the highest common divisor of 32375 and 22792?
259
Calculate the greatest common divisor of 2433021 and 894.
447
What is the highest common divisor of 1146770 and 2?
2
Calculate the greatest common divisor of 17451 and 3601.
277
What is the greatest common divisor of 118 and 140597?
59
What is the greatest common divisor of 19701 and 814?
11
What is the greatest common divisor of 20 and 1388?
4
Calculate the highest common factor of 1744 and 1104.
16
Calculate the greatest common divisor of 20 and 253524.
4
What is the highest common divisor of 45504 and 45?
9
What is the highest common factor of 198495 and 220?
55
What is the greatest common factor of 48 and 1155728?
16
Calculate the highest common divisor of 6563508 and 84.
84
Calculate the highest common factor of 42 and 61530.
42
Calculate the greatest common factor of 81198 and 1872.
234
What is the greatest common divisor of 5705 and 2905?
35
What is the highest common divisor of 192058 and 1090?
218
What is the greatest common divisor of 2043 and 39271?
227
Calculate the greatest common divisor of 42 and 19761.
21
What is the highest common factor of 40514 and 1293?
431
What is the greatest common divisor of 130 and 124995?
65
Calculate the greatest common divisor of 44899 and 118.
59
What is the greatest common factor of 450680 and 190?
190
What is the greatest common factor of 218042 and 8162?
1166
Calculate the greatest common divisor of 123 and 1259520.
123
What is the greatest common divisor of 307137 and 74?
37
Calculate the highest common divisor of 112257 and 3.
3
What is the highes